{"id":54,"date":"2026-04-15T17:25:11","date_gmt":"2026-04-15T15:25:11","guid":{"rendered":"https:\/\/cafeteriaaxe.com\/?page_id=54"},"modified":"2026-04-15T17:25:52","modified_gmt":"2026-04-15T15:25:52","slug":"sobre-nosotros","status":"publish","type":"page","link":"https:\/\/cafeteriaaxe.com\/index.php\/sobre-nosotros\/","title":{"rendered":"Sobre nosotros"},"content":{"rendered":"\t\t<div data-elementor-type=\"wp-page\" data-elementor-id=\"54\" class=\"elementor elementor-54\" data-elementor-post-type=\"page\">\n\t\t\t\t<div class=\"elementor-element elementor-element-2e929a4a e-flex e-con-boxed e-con e-parent\" data-id=\"2e929a4a\" data-element_type=\"container\" data-e-type=\"container\">\n\t\t\t\t\t<div class=\"e-con-inner\">\n\t\t\t\t<div class=\"elementor-element elementor-element-65505d44 elementor-widget elementor-widget-heading\" data-id=\"65505d44\" data-element_type=\"widget\" data-e-type=\"widget\" data-widget_type=\"heading.default\">\n\t\t\t\t\t<h1 class=\"elementor-heading-title elementor-size-default\">Sobre Cafeter\u00eda Ax\u00e9<br> Nuestra esencia<\/h1>\t\t\t\t<\/div>\n\t\t\t\t\t<\/div>\n\t\t\t\t<\/div>\n\t\t<div class=\"elementor-element elementor-element-639b84a7 e-flex e-con-boxed e-con e-parent\" data-id=\"639b84a7\" data-element_type=\"container\" data-e-type=\"container\">\n\t\t\t\t\t<div class=\"e-con-inner\">\n\t\t<main class=\"elementor-element elementor-element-1dc6615d e-con-full e-flex e-con e-child\" data-id=\"1dc6615d\" data-element_type=\"container\" data-e-type=\"container\">\n\t\t\t\t<div class=\"elementor-element elementor-element-7917a671 elementor-widget__width-initial elementor-widget elementor-widget-text-editor\" data-id=\"7917a671\" data-element_type=\"widget\" data-e-type=\"widget\" data-widget_type=\"text-editor.default\">\n\t\t\t\t\t\t\t\t\t<p><strong>Cafeter\u00eda Ax\u00e9<\/strong> es un proyecto de Vigo con identidad propia, inspirado en la energ\u00eda positiva de Brasil y en una forma cercana de entender la hosteler\u00eda.<\/p><p>Queremos que cada visita se sienta natural y agradable: un caf\u00e9 bien servido, una bebida refrescante, un desayuno que apetece repetir y un espacio donde quedarse un poco m\u00e1s.<\/p><p>Nuestra propuesta mezcla <strong>calidez, color y sencillez<\/strong>. La carta toma como referencia una oferta amplia de bebidas y especialidades, presentada de forma clara para que la experiencia empiece ya desde la web.<\/p><p>La actividad est\u00e1 desarrollada por <strong>DON GUSTO, S. COOP. GALEGA<\/strong>, con domicilio en <strong>R\u00faa Mondariz, n\u00ba 3, 36209 Vigo, Pontevedra<\/strong> y CIF <strong>F75675702<\/strong>.<\/p><p>Ax\u00e9 significa energ\u00eda, actitud y buena vibra. Eso es lo que queremos transmitir en cada detalle: un lugar acogedor, tropical y aut\u00e9ntico en Vigo.<\/p>\t\t\t\t\t\t\t\t<\/div>\n\t\t\t\t<div class=\"elementor-element elementor-element-2064f31f elementor-align-center elementor-widget elementor-widget-button\" data-id=\"2064f31f\" data-element_type=\"widget\" data-e-type=\"widget\" data-widget_type=\"button.default\">\n\t\t\t\t\t\t\t\t\t\t<a class=\"elementor-button elementor-button-link elementor-size-sm\" href=\"mailto:info@cafeteriaaxe.com\">\n\t\t\t\t\t\t<span class=\"elementor-button-content-wrapper\">\n\t\t\t\t\t\t\t\t\t<span class=\"elementor-button-text\">Escr\u00edbenos en info@cafeteriaaxe.com<\/span>\n\t\t\t\t\t<\/span>\n\t\t\t\t\t<\/a>\n\t\t\t\t\t\t\t\t<\/div>\n\t\t\t\t<\/main>\n\t\t<div class=\"elementor-element elementor-element-f64a9d8 e-con-full e-flex e-con e-child\" data-id=\"f64a9d8\" data-element_type=\"container\" data-e-type=\"container\">\n\t\t<div class=\"elementor-element elementor-element-4bc15878 e-con-full e-flex e-con e-child\" data-id=\"4bc15878\" data-element_type=\"container\" data-e-type=\"container\">\n\t\t\t\t<\/div>\n\t\t<div class=\"elementor-element elementor-element-309b2c7f e-con-full e-flex e-con e-child\" data-id=\"309b2c7f\" data-element_type=\"container\" data-e-type=\"container\">\n\t\t\t\t<\/div>\n\t\t\t\t<\/div>\n\t\t\t\t\t<\/div>\n\t\t\t\t<\/div>\n\t\t\t\t<\/div>\n\t\t","protected":false},"excerpt":{"rendered":"<p>Sobre Cafeter\u00eda Ax\u00e9 Nuestra esencia Cafeter\u00eda Ax\u00e9 es un proyecto de Vigo con identidad propia, inspirado en la energ\u00eda positiva de Brasil y en una forma cercana de entender la hosteler\u00eda. Queremos que cada visita se sienta natural y agradable: un caf\u00e9 bien servido, una bebida refrescante, un desayuno que apetece repetir y un espacio [&hellip;]<\/p>\n","protected":false},"author":1,"featured_media":0,"parent":0,"menu_order":0,"comment_status":"closed","ping_status":"closed","template":"","meta":{"footnotes":""},"class_list":["post-54","page","type-page","status-publish","hentry"],"_links":{"self":[{"href":"https:\/\/cafeteriaaxe.com\/index.php\/wp-json\/wp\/v2\/pages\/54","targetHints":{"allow":["GET"]}}],"collection":[{"href":"https:\/\/cafeteriaaxe.com\/index.php\/wp-json\/wp\/v2\/pages"}],"about":[{"href":"https:\/\/cafeteriaaxe.com\/index.php\/wp-json\/wp\/v2\/types\/page"}],"author":[{"embeddable":true,"href":"https:\/\/cafeteriaaxe.com\/index.php\/wp-json\/wp\/v2\/users\/1"}],"replies":[{"embeddable":true,"href":"https:\/\/cafeteriaaxe.com\/index.php\/wp-json\/wp\/v2\/comments?post=54"}],"version-history":[{"count":5,"href":"https:\/\/cafeteriaaxe.com\/index.php\/wp-json\/wp\/v2\/pages\/54\/revisions"}],"predecessor-version":[{"id":135,"href":"https:\/\/cafeteriaaxe.com\/index.php\/wp-json\/wp\/v2\/pages\/54\/revisions\/135"}],"wp:attachment":[{"href":"https:\/\/cafeteriaaxe.com\/index.php\/wp-json\/wp\/v2\/media?parent=54"}],"curies":[{"name":"wp","href":"https:\/\/api.w.org\/{rel}","templated":true}]}}